(u) = u**3 - 14*u**2 + 14*u + 7. Is i(14) prime?
False
Let d(v) = -37*v - 92. Is d(-27) composite?
False
Let n(q) = q**2 + 4*q + 8. Let c be n(6). Let a = c - 48. Is (-2)/8 - (-1165)/a a prime number?
False
Let p(a) = a + 4. Let j be p(-6). Let g(m) = 3*m**2 - 2*m - 24. Let l(r) = -16*r**2 + 11*r + 119. Let k(c) = j*l(c) - 11*g(c). Is k(0) a prime number?
False
Suppose -3*q + 0*q - 12 = -5*x, 0 = -x. Let o be (q - (-1 - 2)) + 26. Let n = o + 69. Is n a prime number?
False
Let q(l) = 9*l**2 - 3*l**2 + 2*l**2 - 10 - l**3. Let r be q(7). Suppose 5*t + 79 = d, 2*d - 5*t = 3*d - r. Is d a prime number?
True
Let f(n) = n**3 + n + 1. Let r(m) = m**3 + 8*m**2 + 7*m + 3. Let t be r(-7). Is f(t) composite?
False
Suppose 5*a - 43 = -4*t, -7 = -4*t + 1. Let h = 12 - a. Let n(z) = 7*z. Is n(h) a prime number?
False
Is (2 - 6)/(-4)*959 a prime number?
False
Suppose 0 = -5*t - 5, 0*v - 3*t + 3 = 2*v. Suppose v*i - 212 = -i. Is i a composite number?
False
Let r be 38*((-3)/1)/3. Let x = r + 85. Is x prime?
True
Suppose -2282 = -3*s + 3*f + 3646, -2*s + 5*f + 3961 = 0. Is s prime?
True
Is (-12)/8*-106 + -2 a composite number?
False
Let q(c) = -c**3 - 7*c**2 - 8*c - 7. Let x be q(-6). Suppose x*v - n = 637, -v - 5*n + 129 = -6*n. Is v composite?
False
Let v be ((-10)/(-4) - 2)*0. Suppose 4*c + m - 1014 = v, -2*m + 369 = c + 112. Is c a composite number?
True
Let f(x) = 3*x**3 - 4*x**2 - 5*x. Let j be f(6). Suppose 0 = -4*o - j + 1982. Is o a composite number?
True
Let b(m) = 7*m**2 + 2*m - 27. Let y(d) = -3*d**2 - d + 13. Let v(a) = -2*b(a) - 5*y(a). Is v(-13) composite?
True
Suppose -5*n = 2*m - 0*n + 14, 0 = -5*m + 5*n. Is 0 - (-2 + m + -47) prime?
False
Let v(j) be the third derivative of -j**7/2520 + 7*j**6/720 - j**5/20 + 3*j**2. Let b(g) be the third derivative of v(g). Is b(-8) a composite number?
False
Is -2 + -2 + -5 + 2380 a composite number?
False
Let s be (-126)/(-2) + 1 + 0. Let j = s - 45. Is j a prime number?
True
Let y(h) = -h**3 - 7*h**2 - 15*h - 5. Is y(-10) composite?
True
Let d = 5 + -2. Suppose -d*v = -6 - 6. Suppose 2*n + 2*y - 3*y = 75, -3*n + v*y + 125 = 0. Is n prime?
False
Let f(q) = -20*q + 3. Suppose 0*u + 8 = 4*u. Suppose -v - u - 2 = 0. Is f(v) a composite number?
False
Let w(f) = 2*f**2 - 6*f + 7. Let o be (-4 - -7)/((-3)/(-5)). Let s be w(o). Is 112/18 - 6/s prime?
False
Let n be -2 + (-10)/6*-3. Suppose -27 = -3*q + 3*i, -2*i - n = i. Suppose -3*l - 45 = -q*l. Is l prime?
False
Let h(c) = -128*c**3 - 1. Suppose -3*y + 12 = x + 4, -14 = -x - 5*y. Is h(x) a composite number?
False
Let d(s) = 205*s + 20. Is d(9) a prime number?
False
Suppose 3*g - 12 = -g. Let c be (-4758)/(-42) - 4/14. Suppose -g*r - 41 = -d, -c = d - 4*d - r. Is d composite?
True
Suppose 4*p = p + 2*h + 54, 5*p - 5*h - 95 = 0. Let k = p - 11. Let m = k + -3. Is m a composite number?
False
Let h(u) = 5*u - 1. Let t be h(-1). Let i(m) = 6*m - 11*m + 4*m. Is i(t) composite?
True
Suppose 2*w = -w + 3*s + 9, s + 6 = 2*w. Let d(y) = 5*y**2 - w*y - 1 + 14*y**2 - y + 5. Is d(3) a prime number?
True
Let n(k) = 2*k**2 + 3*k - 12. Let p be 7/(-2)*(-20)/7. Let w be n(p). Let f = 381 - w. Is f prime?
True
Let n(y) = -y**3 - 8*y**2 + 7*y - 8. Is n(-11) a composite number?
True
Let w(c) = 9*c. Let r be w(-1). Let b(n) = n + 13. Let g be b(r). Is -2 + g - 7*-11 prime?
True
Is (-3)/21 - (-12408)/28 prime?
True
Suppose 3*h - r = 5679, 0 = h + 3*r - 0*r - 1893. Is h a prime number?
False
Suppose 3*a - 40 = -6*k + k, 0 = a - k. Let r = a + 2. Suppose 0 = 4*z - r*z + 177. Is z composite?
False
Let a(b) = 7*b + 1 - 3*b**2 - 2 + 2*b**2. Is a(5) a prime number?
False
Suppose 4*a + 0*a - 683 = w, 4*a - 2*w = 682. Let s = a + -89. Is s a prime number?
False
Is 6595/6 - 2/12 a composite number?
True
Suppose -3*v = -5*w + 90, 2*v + 0*v = 3*w - 55. Suppose 16*p - 331 = w*p. Is p prime?
True
Let s = 110 + 706. Suppose 2*z - 7*z + x + 1014 = 0, -4*z + s = 4*x. Is z a prime number?
False
Suppose 1792 + 838 = -5*m. Is 18/(-27) + m/(-6) prime?
False
Is 685 - 6/(-6)*2/(-1) a prime number?
True
Suppose 0 = 5*q - 2*q. Suppose q = -2*g + 11 + 3. Is g a composite number?
False
Let w be (2 + 1/(-2))*630. Suppose 4 = 4*u, -2*u + 350 - w = -3*q. Is q composite?
False
Let m(q) = -q + 2. Let v be m(-2). Is 343/v + 1/4 prime?
False
Let o be 2/5 + 114/15. Let p(y) = y**3 - 9*y**2 + 10*y - 12. Let j be p(o). Is (46/j)/((-2)/(-4)) prime?
True
Let g(o) = o**2 - 3*o - 4. Let q be g(3). Let a = 62 + q. Let b = -37 + a. Is b prime?
False
Let h(b) = b**2 + 3*b - 2. Let t be h(-4). Suppose s - t*k = 62, -5*s + k - 22 + 368 = 0. Let n = s + -33. Is n a composite number?
False
Let v(r) = 2*r - 4*r + 3*r + 2. Let l be v(-2). Suppose -2*u + 34 - 8 = l. Is u a prime number?
True
Let q(o) = -2*o + 5. Let w be q(0). Let u(i) = -10*i**3 - 2*i - 2. Let m be u(-2). Suppose -v - 3*n = -w*v + m, -62 = -3*v + 2*n. Is v prime?
False
Suppose -3*y = -15, 5*y = -4*k + 130 + 211. Is k composite?
False
Let a(p) = 7*p**2 + p + 1. Is a(3) a composite number?
False
Let z = 9 + 1. Is z composite?
True
Suppose o + 2 = 3. Is (-3 - (o + -1))*-1 prime?
True
Let m = -530 + 875. Suppose 2*a + a - m = 0. Is a a prime number?
False
Suppose 0*l - 327 = -3*l. Is l prime?
True
Let h be (1 - 32) + (-2)/1. Let c = 52 + h. Is c a prime number?
True
Suppose -3*b - c + 334 = 0, -5*c - 477 = -2*b - 2*b. Is b composite?
False
Let s(p) = 2*p**2 - 2*p - 5. Let k(g) = g**2 - 4*g - 2. Let y be k(3). Is s(y) a prime number?
False
Let t be -32*(-3)/(-2 + -4). Let k = -6 + -218. Is t/40 - k/10 prime?
False
Suppose 6*r = 4*r. Is r - (-53)/1*1 composite?
False
Let t(z) = z + 3. Let y be t(-3). Suppose 128 = 4*k - y*k + 4*n, 93 = 3*k + 4*n. Is k a composite number?
True
Let x(r) = r**2 - 5*r + 4. Let p be x(4). Suppose -4*s = -k - 264, 0 = 4*s - p*k + 4*k - 284. Is s a prime number?
True
Is 1 + -4 + 1 + 213 prime?
True
Let v = -8 + 15. Suppose 4*h = v*h - 429. Is h a composite number?
True
Suppose 0 = -4*v + v. Suppose v*t = -5*t - 765. Is 1/(-2) + t/(-6) prime?
False
Suppose 0 = 3*k + 2*g - 247, k - 2*g - 85 = -0*g. Is k a prime number?
True
Suppose -3*k = 2*k + 3*n - 17029, -k + 3413 = -3*n. Is k a composite number?
False
Suppose -5*k + 128 + 62 = 0. Is k prime?
False
Suppose -2*o = 15*o - 1343. Is o prime?
True
Let m = 179 + -34. Is m a prime number?
False
Let h(r) = -5*r + 6. Let b(p) = p - 13. Let c be b(8). Let q be h(c). Suppose -4*y + 53 + q = 0. Is y composite?
True
Let b = -7 - -6. Let n = 218 - b. Let w = n + -122. Is w a prime number?
True
Suppose -4*q + 206 = -98. Suppose 3*t = 2*d + 32, -t - 4*d = 3*t - q. Is t a prime number?
False
Is ((-801)/(-5) - 2) + (-3)/15 composite?
True
Let q(z) = 37*z**3 + 4*z**2 - 2*z - 1. Is q(2) a prime number?
True
Let u be (17 - 2)*4/3. Suppose -3*i - u = -2*s - 121, 3*i = -4*s + 131. Is i prime?
True
Suppose -290 = -2*s - 2*n, n + n + 139 = s. Let b = 74 + s. Is b composite?
True
Suppose 14*n - 1590 = 664. Is n prime?
False
Let q = -3 - -6. Suppose -q*n + 13 = -8. Suppose n = k - 4. Is k composite?
False
Suppose -5*x + 1166 = -3*x. Is x composite?
True
Let q(f) = 58*f - 1. Let i be q(2). Let m = i - 76. Is m a composite number?
True
Let c be -1 + 33 + (-3)/3. Is (1 + c)/2 + -3 a composite number?
False
Let h(j) = 3*j**3 + 2*j**3 + j**2 + 0*j - j. Let g be h(1). Suppose -98 = -g*q + 17. Is q prime?
True
Let l = 124 + 175. Is l a prime number?
False
Let c = 2 + 7. Let p = 5 - c. Let v(t) = t**2 + t + 3. Is v(p) a composite number?
True
Suppose -7*u = -3*u - 816. Suppose -u = -c - 3*c. Is c composite?
True
Let z(q) = q + 22. Suppose -2*c = -3*c. Suppose 3*g + 2*u = -10, -15 + c = -g + 3*u. Is z(g) prime?
False
Suppose -t - 2*f = -5863, 4*f + f - 23440 = -4*t. Is t a composite number?
True
Let c(s) be the third derivative of s**6/24 - s**5/40 + s**4/24 - s**3/3 + s**2. Let b(x) be the first derivative of c(x). Is b(-3) a composite number?
True
Let i = 1008 + -95. Is i composite?
True
Suppose -c - 5*i = -3*i + 3, 5*i = c - 25. Suppose 4*g - 153 = -2*h + h, 0 = c*g - 5*h - 210. Is g a composite number?
True
Let z = 13 + -13. Suppose z = -4*q - 0*q + 460. Is q a composite number?
True
Suppose -p = -d + p - 44, -42 = d - 4*p. Let v = 141 - d. Is v a composite number?
True
Let d(i) = -2862*i**3 - 1. Is d(-1) a composite num